ive a(s).
8
Let m(t) = 1 + 0 - 3*t**2 - 6 + t**3 + 1. Give m(3).
-4
Let k(b) be the first derivative of -2*b**3/3 - 19*b**2/2 + b + 273. What is k(-10)?
-9
Let m be 24/(-9)*6/(-8). Let q(x) = 6*x - 3*x - 3 - 2 + x. Let v(b) = 16*b - 21. Let s(o) = 9*q(o) - 2*v(o). Give s(m).
5
Suppose 6 = -4*g - 2. Let y = -1 - g. Let s(c) = 0 - 4 + y + c. Determine s(3).
0
Let g = 812 - 806. Let c(u) = -4*u**3 + 5*u**3 + 6*u**2 - 8 + 3*u - 2*u**3. Determine c(g).
10
Let m(l) = -l + 6. Let c be m(13). Suppose h - 5*h + 24 = 0. Let q(x) = x**3 + 9*x - x + 13*x**2 - 5*x**2 + h. What is q(c)?
-1
Suppose 1125*a = 1131*a + 6. Let d(w) = 26*w - 14. Let n(p) = 9*p - 5. Let c(y) = 6*d(y) - 17*n(y). Calculate c(a).
-2
Let h(d) = d**2 - 12*d + 7. Let n(b) = -3*b + 49. Let f be n(13). What is h(f)?
-13
Let m(b) = -b**2 + 5*b + 4. Let p be m(4). Suppose -p = 2*s + 4*j, 0*j = -4*j - 16. Let v(r) = 0*r**3 + r**3 + s*r + 5*r**2 + 0*r**3. Determine v(-3).
6
Let l(p) = -p**3 + 5*p**2 - p + 2. Suppose 4*f + 0*f = 0, 2*v - 2*f = 10. Give l(v).
-3
Let j(u) = -6*u. Let f = 106 + -32. Let x = -71 + f. What is j(x)?
-18
Let d(g) = -6*g**2 + 10*g + 1. Let t(u) = -5*u**2 + 9*u + 1. Let x(n) = 4*d(n) - 5*t(n). Suppose 4*m + 5 = 25. Give x(m).
-1
Let z(s) = 10*s**2 - 4*s - 2. Let o(u) = 7*u**2 - 3*u - 1. Suppose 0 = -4*h + 112 - 28. Suppose -4*b + h = -b. Let r(w) = b*o(w) - 5*z(w). Determine r(3).
-9
Let r(h) = -183454100 - h + 183454103 - h**2 + h**3 - h. Suppose 2*n + 2*k + k = -8, 2*n = 5*k + 24. Give r(n).
3
Let b = 13 + -11. Let r be (b - 0)/2 + 1. Let k(j) = j**3 - j + 1. Let g(f) = -2*f**3 + f**2 + f - 1. Let z(n) = r*g(n) + 3*k(n). Give z(1).
1
Let r(f) = -f**3 + 10*f**2 - 2*f - 12. Suppose -18*x - 68 + 230 = 0. Calculate r(x).
51
Let b(t) = 20*t**3 - 44*t**3 + 23*t**3 - 1 + t**2. Let j(x) = 5*x**3 + 2*x**2 + x - 4. Let k be 4/(-14) - 10/14. Let d(a) = k*j(a) + 4*b(a). Calculate d(1).
-8
Let s(j) = -j**3 + 2*j**2 - 2*j + 4. Suppose 30 - 84 = -3*l. Let n be (l/8)/(9/12). Give s(n).
-11
Let r(z) = -z - 26. Let g(o) = -o**2 + 4. Let k be g(-5). Give r(k).
-5
Let n = -78 + 82. Let y be (n - 5)*(0 + -1). Let f(d) = 17*d - 1. Calculate f(y).
16
Let w(n) be the third derivative of n**3 + 0*n - 1/24*n**4 + 0 + 10*n**2. Calculate w(0).
6
Let n(b) = 2*b - 18 + 8*b + 5*b - b - 24*b - b**2. Give n(-6).
6
Let x(p) = -2. Let f(o) = -2*o + 9. Let z(t) = 2*f(t) + 4*x(t). Give z(4).
-6
Let u(v) = -18 + 4*v - v**2 - 27 - 2*v**3 - 24 - 22 + 94. Calculate u(-2).
7
Let c be -4 - (-2 - -4)*1. Let r be 2 + 9/(-3) - -3. Let n(f) = -7*f**2 - f**3 - 1 - 4*f - r*f + f - 7. Determine n(c).
-14
Let q(t) = t - 2. Let z = 89 - 54. Let k be z/(-2) - 4/(-8). Let g = k - -11. Give q(g).
-8
Let h = 10 + 4. Let g(f) = 8*f**2 - 2*f. Let p be g(-1). Suppose o - c = -o - p, -c = 4*o + h. Let t(v) = 2*v + 1. Determine t(o).
-7
Let g(p) = 20 - 6*p - 33 + 4*p**2 - p**3 + 16. What is g(4)?
-21
Let r(c) be the first derivative of c**4/4 - 8*c**3/3 + c**2/2 + 37. Calculate r(8).
8
Let o(x) = -5*x + 13. Let r(m) = -2*m + 8. Let l(p) = -3*o(p) + 7*r(p). What is l(-16)?
1
Let k(t) be the third derivative of t**6/120 - t**5/15 + t**4/6 + t**3/6 - 2*t**2. Let u(v) = 6*v - 74. Let n be u(13). Determine k(n).
17
Suppose -5*d = l - 0*l - 14, 16 = -2*d + 5*l. Suppose d*j = 30 + 14. Suppose 4*q + h = -j, 4*h - 9 = 3*q + h. Let b(o) = o**3 + 4*o**2 - 7*o - 5. What is b(q)?
5
Suppose -3*z + s = 2*z - 37, 5*s = -z + 23. Let g(y) = -4*y - 12 - y**3 + z - 3*y**3 + 5*y**3 + 5*y**2. Give g(-5).
16
Suppose -4*t = 4*b - 24, 3*t - 3 = 6. Let y(j) = 12*j**3 - 16*j**3 + 2*j + 5*j**3 + 7*j**2 + b. Calculate y(-7).
-11
Suppose -17 = -4*i + 107. Let p = i - 6. Let v = 18 - p. Let h(s) = -s**2 - 6*s + 10. Determine h(v).
3
Let m(l) = l**2 + 7*l + 9. Let v be m(-6). Let s(f) be the third derivative of -f**6/120 + f**5/30 + f**4/24 - f**3/6 + 210*f**2. Determine s(v).
-7
Let q(s) be the first derivative of 8 - 1/3*s**3 + 4*s**2 + 12*s. Calculate q(9).
3
Let f(d) = -4*d - 8. Let z be f(-9). Suppose 4*n + 0*n - z = 0. Suppose -n*s = -6*s + 4. Let j(i) = i. Give j(s).
-4
Let v = -13 - -17. Suppose v*b - 2*b = 4. Let l(m) = 5*m**2 - 3*m - b*m + 3 - 4*m**2 - 6. Give l(5).
-3
Let g be 6*(5/2 + -2). Let p(k) = 1 + k - 2*k + g. Let u be (1 - (-5)/(-10))*6. What is p(u)?
1
Let d(z) = 2*z + 3. Let q be (-12)/20 - (-506)/10. Let t = q + -53. Give d(t).
-3
Suppose -x = -3*l + 5, x - 3*x - 10 = 3*l. Suppose 3*u + w + 9 + 6 = l, -5*u = -2*w + 25. Let h(g) = -g**3 - 4*g**2 + 7*g - 2. Give h(u).
-12
Let q(x) = 49*x**2 - 33*x + 5. Let c(t) = -10*t**2 + 6*t - 1. Let z(k) = 11*c(k) + 2*q(k). What is z(-1)?
-13
Let x(g) = 10*g**2 - 27*g + 2. Let u(q) = 21*q**2 - 54*q + 3. Let t(i) = 3*u(i) - 5*x(i). Let l(y) = -3*y**2 + 7*y. Let b(f) = -9*l(f) - 2*t(f). Determine b(6).
-16
Let z = -15 + 19. Suppose p - 9 = -2*h + 7, -z*h + 2*p = -32. Let y(r) = r**2 - 8*r - 4. Determine y(h).
-4
Suppose 74*k - 83*k = 0. Let g(p) be the third derivative of 2/3*p**3 - 7/24*p**4 + k + 1/60*p**5 - 6*p**2 + 0*p. Determine g(5).
-6
Let c = -238 - -232. Let g(y) = -y**2 - 11*y - 11. Let u(k) = -3*k**2 - 32*k - 32. Let o(b) = 11*g(b) - 4*u(b). Determine o(c).
1
Let s be ((63/35)/3)/(1/5). Let m(u) be the second derivative of 5*u - 5/2*u**2 + 0 - 2/3*u**s. Calculate m(-4).
11
Let b(p) = -p**3 - 7*p**2 - 7*p - 7. Suppose 39*r - 43*r = -40. Let n be (-87)/15 + (-2)/r. What is b(n)?
-1
Let t(c) = -5*c - 29. Let u(a) = 16*a + 94. Let y(o) = -10*t(o) - 3*u(o). Calculate y(0).
8
Let m(a) = -2 - 4*a + 0*a + 3*a + 5*a. Suppose -5*w + 2*c = -5, 0 = 4*w - 3*w - c - 4. Let x = -5 - w. Calculate m(x).
-18
Let d(r) = -14 - 3*r**2 + r + 2*r**2 + 3*r**2 - r**2. Let t(n) = -n**2 - 44*n - 123. Let a be t(-3). Give d(a).
-14
Suppose 4*l + 35 = 5*y, 25 = l - 6*l. Let p(o) = -21*o + 0 + 1 - 24*o + 2*o**2 + 44*o. Determine p(y).
16
Let v(w) = 199*w + 0 - 198*w + 3. Calculate v(-3).
0
Let h(r) = 11*r - 1. Let i(d) = -d**2 + 2*d + 50. Let m be i(-6). Calculate h(m).
21
Let g be (-3)/(-3)*1*1. Let a(n) = -7*n**2 + 3. Let p(h) = -h**2 + 1. Let z(w) = g*a(w) - 2*p(w). Let c = -3 - -2. Determine z(c).
-4
Let k(y) = 17*y + 9*y**2 - 10*y - 7 + 2. Let w(r) = -5*r**2 - 4*r + 3. Let d(q) = 6*k(q) + 11*w(q). Suppose -4 = 3*a - 10. Determine d(a).
-5
Let u = 2 - 3. Let q(r) = 7*r**2 - r - 1. Give q(u).
7
Let p(t) = -t**2 + 11*t + 43. Suppose -3*y + 2*k = -31 - 17, -k - 17 = -y. Give p(y).
1
Let u(r) be the third derivative of r**5/30 + r**4/4 - 2*r**3/3 + 2*r**2 + 41. Determine u(-5).
16
Let c(r) = 27 + 6*r + 9*r - 11*r. What is c(-9)?
-9
Let t be (4/3)/(4/18). Let b(m) = 5*m**2 - 10*m - 4. Let k(i) = 4*i**2 - 9*i - 1. Let w(h) = 3*b(h) - 4*k(h). Give w(t).
-8
Suppose 2*s + 18 = 24. Let n(m) = 2*m - 11. Determine n(s).
-5
Let t = 1294 - 1289. Suppose -2*v - 2*i = 8, 5*v - 4 + 14 = -3*i. Let m(k) = 1 - v - 1 - k. Calculate m(t).
-6
Let k(c) be the first derivative of c**2/2 - 5*c + 28. Give k(8).
3
Let w be ((-15)/5 + 2)*-4. Let a(u) = -u**2 + 6*u - 12. What is a(w)?
-4
Let g(h) = -h**2 + 4*h + 9. Let y = 758 - 751. What is g(y)?
-12
Let l = 11 + -8. Let c(i) be the third derivative of i**6/120 - i**5/30 - i**4/8 - i**3/3 + 33*i**2 - 3. What is c(l)?
-2
Suppose -32*b = -30*b + 42. Let l(o) = -o**2 - 22*o. Give l(b).
21
Let t be ((-4)/(-8 + 4))/((-2)/(-4)). Let w(b) be the first derivative of 4/3*b**3 - 1/4*b**4 + 1/2*b**t - 3 + b. What is w(4)?
5
Let g(a) = a**2 - a + 18 - 33 + 18. What is g(0)?
3
Let h be (-2)/(-3) + 40/(-60). Let v(g) = -83*g**3 + h*g**2 - 5*g**2 + 4 + 84*g**3. What is v(5)?
4
Let o(q) be the second derivative of 1/6*q**3 + q**2 + 0 + 1/12*q**4 + 37*q. Calculate o(-2).
4
Let j(c) = 20*c + 26*c + 23 - 96*c + 27*c + 25*c. Calculate j(-14).
-5
Let y be 3 + (-2 - -3) + -28. Let i = -29 - y. Let a(n) = n**3 + 3*n**2 - 7*n - 1. Determine a(i).
-16
Let r(w) = -w**3 + 6*w**2 - 3*w - 6. Let t = 35 + -32. Suppose -t*v = -5*g + 22, v + 7 = 5*g - 17. Calculate r(g).
4
Let x(a) be the second derivative of -a**8/6720 + a**5/120 - 7*a**4/2 - 13*a. Let h(b) be the third derivative of x(b). Determine h(1).
0
Suppose 4*r + 3*l = -9, r - 1 = -l - 3. Let x(y) = 2. Let k(f) = f - 1. Let s(t) = -2*k(t) - x(t). Give s(r).
6
Let m(w) = -w**3 + 5*w**2 - 3*w - 2. Let s(g) = g + 3. Let t be s(11). Suppose 0 = 2*n + 16 + t. Let u be